by 71?
56
What is the remainder when 14 is divided by 6?
2
Calculate the remainder when 49795 is divided by 211.
210
What is the remainder when 572 is divided by 12?
8
What is the remainder when 14000 is divided by 19?
16
What is the remainder when 414 is divided by 103?
2
What is the remainder when 49 is divided by 20?
9
Calculate the remainder when 161 is divided by 45.
26
Calculate the remainder when 772 is divided by 97.
93
What is the remainder when 2629 is divided by 263?
262
Calculate the remainder when 87 is divided by 46.
41
Calculate the remainder when 3637 is divided by 40.
37
What is the remainder when 13 is divided by 7?
6
What is the remainder when 299 is divided by 74?
3
Calculate the remainder when 532 is divided by 263.
6
Calculate the remainder when 3755 is divided by 18.
11
Calculate the remainder when 1839 is divided by 5.
4
What is the remainder when 156 is divided by 80?
76
Calculate the remainder when 2756 is divided by 120.
116
What is the remainder when 1158 is divided by 299?
261
Calculate the remainder when 125 is divided by 44.
37
Calculate the remainder when 4502 is divided by 53.
50
What is the remainder when 65 is divided by 22?
21
Calculate the remainder when 154 is divided by 20.
14
What is the remainder when 448 is divided by 114?
106
Calculate the remainder when 1519 is divided by 6.
1
What is the remainder when 540 is divided by 25?
15
Calculate the remainder when 20 is divided by 14.
6
What is the remainder when 15 is divided by 4?
3
What is the remainder when 90 is divided by 31?
28
Calculate the remainder when 437 is divided by 412.
25
Calculate the remainder when 676 is divided by 85.
81
What is the remainder when 90942 is divided by 43?
40
Calculate the remainder when 114 is divided by 20.
14
Calculate the remainder when 278 is divided by 40.
38
What is the remainder when 347 is divided by 58?
57
Calculate the remainder when 22 is divided by 12.
10
What is the remainder when 629 is divided by 18?
17
Calculate the remainder when 14127 is divided by 71.
69
What is the remainder when 248 is divided by 63?
59
What is the remainder when 50 is divided by 30?
20
Calculate the remainder when 283 is divided by 5.
3
What is the remainder when 91 is divided by 10?
1
What is the remainder when 110 is divided by 68?
42
What is the remainder when 9938 is divided by 142?
140
What is the remainder when 3739 is divided by 26?
21
Calculate the remainder when 1170 is divided by 98.
92
What is the remainder when 1527 is divided by 11?
9
Calculate the remainder when 2316 is divided by 559.
80
Calculate the remainder when 1120 is divided by 234.
184
Calculate the remainder when 129 is divided by 22.
19
Calculate the remainder when 1845 is divided by 84.
81
Calculate the remainder when 54 is divided by 25.
4
What is the remainder when 280 is divided by 51?
25
What is the remainder when 5983 is divided by 82?
79
Calculate the remainder when 3678 is divided by 283.
282
Calculate the remainder when 144 is divided by 71.
2
What is the remainder when 2516 is divided by 28?
24
Calculate the remainder when 1437 is divided by 15.
12
What is the remainder when 126 is divided by 60?
6
What is the remainder when 428 is divided by 220?
208
Calculate the remainder when 86 is divided by 35.
16
What is the remainder when 503 is divided by 28?
27
What is the remainder when 327 is divided by 87?
66
Calculate the remainder when 3378 is divided by 147.
144
Calculate the remainder when 797 is divided by 47.
45
What is the remainder when 125 is divided by 35?
20
Calculate the remainder when 337 is divided by 31.
27
Calculate the remainder when 50 is divided by 42.
8
What is the remainder when 610 is divided by 34?
32
What is the remainder when 734 is divided by 5?
4
Calculate the remainder when 9 is divided by 2.
1
What is the remainder when 1019 is divided by 10?
9
What is the remainder when 2982 is divided by 93?
6
What is the remainder when 1997 is divided by 125?
122
What is the remainder when 81 is divided by 52?
29
What is the remainder when 371 is divided by 15?
11
What is the remainder when 676 is divided by 6?
4
What is the remainder when 2762 is divided by 22?
12
Calculate the remainder when 1460 is divided by 113.
104
Calculate the remainder when 3133 is divided by 85.
73
What is the remainder when 265 is divided by 15?
10
Calculate the remainder when 4538 is divided by 77.
72
Calculate the remainder when 6587 is divided by 61.
60
What is the remainder when 1062 is divided by 348?
18
What is the remainder when 1964 is divided by 54?
20
Calculate the remainder when 4222 is divided by 1394.
40
What is the remainder when 92 is divided by 68?
24
Calculate the remainder when 1006 is divided by 6.
4
What is the remainder when 1475 is divided by 475?
50
What is the remainder when 1241 is divided by 125?
116
What is the remainder when 2007 is divided by 41?
39
What is the remainder when 104 is divided by 16?
8
Calculate the remainder when 457 is divided by 116.
109
Calculate the remainder when 314 is divided by 162.
152
What is the remainder when 126 is divided by 16?
14
Calculate the remainder when 125 is divided by 23.
10
Calculate the remainder when 4475 is divided by 16.
11
Calculate the remainder when 144 is divided by 5.
4
What is the remainder when 287 is divided by 85?
32
Calculate the remainder when 675 is divided by 218.
21
What is the remainder when 558 is divided by 22?
8
What is the remainder when 1227 is divided by 137?
131
What is the remainder when 71 is divided by 28?
15
What is the remainder when 629 is divided by 10?
9
What is the remainder when 283 is divided by 80?
43
What is the remainder when 436 is divided by 110?
106
Calculate the remainder when 222 is divided by 47.
34
What is the remainder when 136 is divided by 32?
8
What is the remainder when 304 is divided by 23?
5
What is the remainder when 64 is divided by 56?
8
What is the remainder when 72 is divided by 28?
16
Calculate the remainder when 177 is divided by 55.
12
What is the remainder when 321 is divided by 27?
24
Calculate the remainder when 45 is divided by 32.
13
Calculate the remainder when 325 is divided by 28.
17
What is the remainder when 682 is divided by 9?
7
What is the remainder when 164 is divided by 42?
38
What is the remainder when 195 is divided by 21?
6
Calculate the remainder when 4001 is divided by 44.
41
What is the remainder when 1247 is divided by 24?
23
What is the remainder when 889 is divided by 147?
7
What is the remainder when 8031 is divided by 120?
111
What is the remainder when 520 is divided by 29?
27
Calculate the remainder when 1161 is divided by 53.
48
Calculate the remainder when 457 is divided by 9.
7
What is the remainder when 405 is divided by 68?
65
What is the remainder when 852 is divided by 484?
368
What is the remainder when 7804 is divided by 16?
12
Calculate the remainder when 142 is divided by 28.
2
What is the remainder when 1553 is divided by 195?
188
What is the remainder when 558 is divided by 81?
72
Calculate the remainder when 38 is divided by 11.
5
Calculate the remainder when 303 is divided by 51.
48
What is the remainder when 3014 is divided by 427?
25
Calculate the remainder when 83 is divided by 6.
5
Calculate the remainder when 179 is divided by 4.
3
What is the remainder when 67 is divided by 7?
4
Calculate the remainder when 1707 is divided by 132.
123
What is the remainder when 2167 is divided by 24?
7
Calculate the remainder when 1694 is divided by 27.
20
What is the remainder when 1224 is divided by 35?
34
What is the remainder when 3631 is divided by 12?
7
Calculate the remainder when 267 is divided by 250.
17
Calculate the remainder when 521 is divided by 126.
17
What is the remainder when 1366 is divided by 86?
76
What is the remainder when 247 is divided by 52?
39
Calculate the remainder when 60 is divided by 22.
16
Calculate the remainder when 78 is divided by 5.
3
Calculate the remainder when 4550 is divided by 69.
65
What is the remainder when 329 is divided by 56?
49
Calculate the remainder when 3924 is divided by 11.
8
Calculate the remainder when 187 is divided by 16.
11
What is the remainder when 644 is divided by 59?
54
What is the remainder when 525 is divided by 88?
85
What is the